of 0*y**3 + 1/12*y**u + 7*y - 1/20*y**5 + 0 - 1/2*y**2. What is l(-1)?
1
Let r(q) = 2*q - 1. Let h(j) = -30*j + 35. Let d be h(1). Determine r(d).
9
Let y(a) = 4*a - 5. Suppose -z - 3*z + 8 = 0. Suppose 5*t + 6 = h, 2*h = -4*t - 0*h - z. Let b be 36/8 - t/(-2). Calculate y(b).
11
Let m(k) = -3*k + 11. Let n(j) = -2*j + 7. Let t(g) = -5*m(g) + 8*n(g). Suppose 0 = -4*d + 11 - 3. Suppose v + d*v = 9. What is t(v)?
-2
Let f(a) = -a**3 - 5*a**2 - 2*a - 5. Let x be f(0). Let v(i) = -11*i**2 - 19*i - 8. Let k(n) = -5*n**2 - 9*n - 4. Let j(b) = -9*k(b) + 4*v(b). Give j(x).
4
Let w = 0 - -7. Let l(z) = -2*z - w + 3*z + 3*z. Suppose 5*d - 49 = -24. Calculate l(d).
13
Let u(z) = 21*z - 3. Let m(j) = 25*j - 373. Let a be m(15). Calculate u(a).
39
Let i be -3 - (17 - 2)*12/30. Let h(k) = k**3 + 10*k**2 + 4*k - 15. Let p(m) = -m**3 - 10*m**2 - 5*m + 14. Let q(z) = 3*h(z) + 4*p(z). What is q(i)?
2
Let q(b) = -b**3 + 11*b**2 - 6*b. Let f be q(10). Suppose 4*u - 4 - f = 2*d, 0 = -4*d + u - 81. Let n = d + 20. Let c(a) = -a**2 - 3. What is c(n)?
-3
Let k = -7 - -10. Let l(o) = 9 - k*o - 3 - 9. Calculate l(-2).
3
Let v(q) be the first derivative of -q**2/2 - 4*q - 3. Let p(o) = -2*o - 12. Let k be p(0). Let i = k + 12. Determine v(i).
-4
Let v(l) = 6*l**3 - 2*l - 9*l**3 + 2*l**3 - 5*l**2. Suppose -2*q - 4*n = -4, -5 = n - 7. Calculate v(q).
-8
Suppose 2*v - 2*q + 14 = 0, -3*v + 5*q = -6*v + 11. Let i(b) = -b**2 + 13*b - 4*b - 12*b + 0*b**2. Give i(v).
0
Let g(x) = x**3 + 13*x**2 + x + 6. Let u(r) = 27*r - 40. Let q be u(1). Give g(q).
-7
Let z be -5 - -4 - (-1 + -28). Suppose 0*s + z = -4*s. Let t(w) be the third derivative of -w**5/60 - 3*w**4/8 - 5*w**3/3 + 13*w**2 - 2. Determine t(s).
4
Let q(h) = -6*h. Suppose 0 = a - 3*r - 16, -a - 5*r - 2 + 10 = 0. Let c = a + -10. Suppose -4*z = -v + 1, -11 = 3*z + z - c*v. What is q(z)?
-6
Let y = -5 + 9. Suppose 0 = -2*f + 3*f - 5*i - y, 2*i + 16 = 4*f. Suppose 4*p - f = 4. Let g(o) = o**3 - o**2 + o - 2. Give g(p).
4
Let z(j) = j**2 + 7*j - 1. Let u(p) = -5*p**3 + 31 + p**2 - p - 19 - 12. Let q be u(1). Give z(q).
-11
Let t(h) = h**2 + 10*h - 24. Let a be t(-12). Let g(q) = 13*q - 32. Let k(b) = 3*b - 8. Let r(f) = -2*g(f) + 9*k(f). Calculate r(a).
-8
Let s(c) be the third derivative of -c**4/24 + 5*c**3/6 + c**2 + 67. Determine s(4).
1
Let d(n) = -2*n - 6. Suppose 4*t + f = -3, -5*t - 5*f - 13 = 2. Suppose t = a + a. Let b = -4 + a. Calculate d(b).
2
Let u(f) be the first derivative of -f**3/3 + f**2 + 2*f + 5. Let s = -14 - -12. Let t be u(s). Let z(c) = -c**3 - 6*c**2 + 2*c + 7. Give z(t).
-5
Let f(q) = -8*q**2 + 6*q - 4*q + 0*q + 9*q**2 + 1. Calculate f(3).
16
Let p(v) = v**2 + 6*v + 3. Let x(k) = -k**2 - 12*k + 9. Let w be x(-14). Let s = -25 - w. Determine p(s).
3
Let u(d) = -10*d + 482. Let v be u(48). Let w(b) = -2*b**3 + 4*b**2 - b - 2. What is w(v)?
-4
Let h = -677 - -681. Let b(a) = -a**3 + 4*a**2 - 3*a - 1. Determine b(h).
-13
Let t(a) = -a**3 + 9*a**2 - 8*a - 6. Let u(v) = -2*v - 12. Let m be u(-6). Suppose -l = 4*l - 4*y - 24, 2*l + y - 20 = m. What is t(l)?
-6
Let m(n) = n**3 + 3*n**2 - 2*n + 4. Let o(w) = -2*w**3 + 12*w**2 - 5*w - 8. Let f be o(5). Let c(a) = -a**3 + 17*a**2 + a - 21. Let t be c(f). Determine m(t).
-4
Let u(v) be the second derivative of -v**4/6 + 2*v**3 - 3*v**2 + 24*v. Let r be u(6). Let t(o) = -3 - o**2 + 4 - 5*o + 2. Give t(r).
-3
Let v(p) = -3*p**2 - 25*p - 5. Let s be 12*((-2)/12)/(30/120). Give v(s).
3
Let g(f) = 13*f**2 + 2*f**3 - 39*f**2 - 1 - 40*f**2 + 68*f**2. Let n(v) = v + 1. Let l be n(-2). Let r be (-1 + 0)/(l*1). Determine g(r).
3
Let x = -475 - -480. Let s(g) = -g**3 + 5*g**2 - 3*g + 4. Give s(x).
-11
Let g(y) = 13*y + 7*y**2 - 6*y**2 + 5*y - 42. Let a be g(-20). Let w(q) = q**3 + 2*q**2 + 4*q + 3. Determine w(a).
-5
Let z(f) = f**2 - 7*f**3 + 3*f**2 + 3 + 6*f - 1 + 8*f**3. Calculate z(-4).
-22
Let i(m) be the first derivative of -3*m - 2 + 7/2*m**2 - 1/3*m**3. Let k = -85 - -89. Determine i(k).
9
Let q(y) = y**2 + 11*y - 14. Suppose -167*i - 144 = -155*i. What is q(i)?
-2
Let x(k) = k**3 + 7*k**2 + 4*k - 5. Let i = -790 + 785. Give x(i).
25
Let n(j) = 20*j**2 + 2*j + 1. Suppose -4*l + 31*c - 32*c = 1, 0 = -2*l + 2*c - 8. Give n(l).
19
Let d(y) be the third derivative of 0*y + 0 + 1/6*y**4 - 1/6*y**3 - 3*y**2. Calculate d(4).
15
Let d = 745 + -730. Let w(a) = a**3 - 16*a**2 + 16*a - 22. Give w(d).
-7
Let t(k) = -29*k + 22 + 3*k + 0*k + 7*k - 9. Let p(q) = 2*q - 5. Let w be p(6). Let n(s) = -6*s + 4. Let j(a) = w*n(a) - 2*t(a). Calculate j(4).
-14
Let d(a) be the first derivative of a**4/12 - 2*a**3/3 + 2*a**2 - 5*a - 13. Let c(w) be the first derivative of d(w). What is c(5)?
9
Let n(c) = -c - 5. Let i be n(-5). Let v(m) = m + 3. Let w be v(i). Let p(y) = w*y - 5 + 0 - 4*y - 1. What is p(-5)?
-1
Suppose -3*n - a = a - 10, -2 = -a. Suppose 4*y - 3*g - 5 = 0, 2*g - 3 - 7 = -4*y. Let o(c) = -9*c**2 + 2*c + 15*c**2 - 3 - 5*c**y. Give o(n).
5
Let r = 216 + -144. Let a = 64 - r. Let l(h) = -h**3 - 8*h**2 - 2*h + 9. Determine l(a).
25
Let x(b) be the first derivative of b**3/3 + 9*b**2/2 + 24*b + 413. What is x(-3)?
6
Let a(j) = -5*j + 114273*j**2 - j - 114274*j**2 - 4. Calculate a(-3).
5
Let o be (-256)/(-112) - (-2)/(-7). Let f(x) = -4*x**o + 2*x + 3 + x - 2*x - 5*x. What is f(2)?
-21
Let o(a) = 4*a**2 + 11*a + 5. Let t be ((-80)/(-4))/2 - 4. Let v(u) = -5*u**2 - 12*u - 6. Let p(d) = t*o(d) + 5*v(d). Calculate p(6).
0
Let g = 72 + -75. Suppose 6 = z + 4. Let x = z + g. Let h(u) = u**3 - u. Give h(x).
0
Let b(g) be the second derivative of -g**4/12 + 47*g. Let k(m) = -m - 3. Let u be k(-4). Calculate b(u).
-1
Let a(f) = 20*f + 34. Let b(h) = 11*h + 17. Let o(s) = -6*a(s) + 11*b(s). Suppose -j + 5 = -7. Suppose 2*m - p - j = m, 32 = 2*m - 4*p. Calculate o(m).
-9
Let h(l) = -23*l + 73. Let b be h(3). Let c(r) = r**3 - 5*r**2 + 2*r + 3. Give c(b).
-5
Suppose -9 = 7*v - 149. Let j(l) = 0 - 4*l**2 - v*l - 2 + 3*l**2 + 16*l. Calculate j(-3).
1
Let u(z) = 32*z**2 + 28*z + 84. Let g(q) = -5*q**2 - 5*q - 14. Let l(a) = -13*g(a) - 2*u(a). Give l(-5).
-6
Let w(i) = 2*i + i**3 - 293 + 299 + 2*i + 0*i**3 + 6*i**2 - 5*i. Determine w(-6).
12
Let g(o) = -o + 6. Let l = -73 - -37. Let s = l - -41. Let c(u) = u + 1. Let m be c(s). Determine g(m).
0
Let y be (-8)/20 - 2/(-5) - -10. Let q(o) = o - y + 24 - 7 - 6. Give q(0).
1
Let m(a) = 3*a**3 + 3*a**2 - 9*a + 13. Let f(i) = -i**3 + i**2 - 1. Let s(r) = 4*f(r) + m(r). Suppose -22*o = -20 - 112. Give s(o).
-9
Let k(w) = w**2 + 5*w - 3. Let a(f) = -2*f**2 - 10*f + 68. Let n be a(-9). What is k(n)?
-7
Let y(d) = 5 + 2 + 0 - 3*d. Let s(z) = 2*z - 6. Let i(v) = -4*s(v) - 3*y(v). Calculate i(4).
7
Let g(y) = -y - 3. Let x be g(-5). Let v(q) = 0*q**3 - 4*q**x - q**3 + 0*q**3 - 5. Suppose -3*l - 15 = 3*u, -6*l + 5*u - 15 = -l. Determine v(l).
-5
Let v(j) be the second derivative of j**7/630 - 5*j**4/12 - j. Let k(x) be the third derivative of v(x). Let b = -11 + 12. Calculate k(b).
4
Suppose 10*l - 14*l - 5*i - 29 = 0, 0 = -4*l + 4*i - 20. Let k(u) = -u**3 - 5*u**2 + 3*u - 8. Calculate k(l).
10
Let s(o) = -o**3 + 5*o**2 - 15*o + 51. Let m be s(4). Let x(y) = -y**3 + 6*y**2 + 9*y + 5. Calculate x(m).
19
Let t(j) be the third derivative of -3*j**4/8 + j**3/2 + 2*j**2 - 28. Determine t(2).
-15
Let s(f) = 4*f + 59. Let k be s(-18). Let n = k - -10. Let m(q) = -q**3 - 4*q**2 - q - 2. Determine m(n).
-8
Let w(u) = -2*u**3 + 1. Let r = -217 - -216. Calculate w(r).
3
Suppose -3*l + 100 - 121 = 0. Let m(c) = -2*c**2 - 13*c + 11. What is m(l)?
4
Let c be -1 + (-2 - -3) - -1. Let u(j) = -1. Let i be (-1 - (1 + -1))*2/(-1). Let a(v) = -v - 1. Let y(q) = i*u(q) - 2*a(q). What is y(c)?
2
Let s(w) = 8*w - 3. Let z be (-191)/(-21) - (22/(-21))/(-11). What is s(z)?
69
Let x(v) be the first derivative of -v**3/3 + 10*v**2 - 31*v + 85. Give x(18).
5
Let r(o) be the third derivative of -o**4/24 + 2*o**3/3 - o**2. Let f be r(6). Let i(y) be the first derivative of 3*y**2/2 - y - 1197. What is i(f)?
-7
Let q = 13 - 13. Suppose -5*j = t, q = -4*j + 2*t + 3*t. Let a(i) = j*i - 65 + 67 - i. Determine a(-7).
9
Let d(j) = 5*j**2 + 13*j + 22. Let q(u) = -32*u**2 - 78*u - 132. Let y(i) = 13*d(i) + 2*q(i). Calculate y(-9).
-14
Let r(g) = 1 - 5 - 163*g + 157*g. Calculate r(-2).
